 and 30.
6
Let y be -2 - (-3 + -3 + 13). Let v = 1 - y. Calculate the greatest common divisor of v and 10.
10
Let n(s) = s**2 - 14*s - 2. Let x be n(16). What is the highest common factor of 75 and x?
15
Let h(a) = -a**3 - 10*a**2 + 13*a + 11. Let x be h(-12). Suppose -4*v = -3*v - x. Calculate the highest common factor of 13 and v.
13
Suppose -t - 270 = -6*t. What is the highest common factor of 18 and t?
18
Suppose 13 = l + 2. Let y(b) = -b - 7. Let s be y(-9). Suppose 7*c - 605 = s*c. What is the highest common factor of l and c?
11
Let x(t) = -t + 17. Let z be x(8). Let g = z - 7. Suppose 4*u - 18 = g*u. What is the greatest common divisor of 63 and u?
9
Suppose -2*u = u - 42. Let v(b) = b + 31*b**2 + 1 - 1. Let f be v(2). What is the greatest common factor of u and f?
14
Let u(r) = -r**3 - 2*r**2 + r + 2. Let a be u(-2). Suppose 4*s - 21 + 9 = a. Calculate the highest common factor of 3 and s.
3
Let i be 45 - (3 - 2)/1. Suppose -k - 1 + 5 = 0. What is the greatest common divisor of k and i?
4
Let z be (-15)/(-6)*56 - -4. What is the highest common divisor of z and 36?
36
Let r = 26 + -16. Suppose -5*h + 3*m + 60 = 0, -4*h - 4*m + 60 = h. Suppose -h = -4*b, -51 = -2*o - b + 12. What is the greatest common factor of o and r?
10
Let t(m) = 22*m + 2. Let a be t(4). Suppose -120 = -2*r - 2*r + w, -3*r = 3*w - a. What is the highest common factor of r and 45?
15
Let h(p) = p**2 - 5*p + 2. Let a be h(6). Let m(v) = a*v + 8*v + 0 + 0. Let d be m(5). Calculate the greatest common factor of 16 and d.
16
Let h be 0/(2 + -1) - -7. Let s be (-4)/(-16) + (-46)/(-8). Suppose 3*z - s*z + 147 = 0. Calculate the greatest common divisor of h and z.
7
Suppose -1 = -4*c - 13, j + 1 = -4*c. Calculate the highest common divisor of j and 33.
11
Suppose -i + 34 = 10. Let d be 14/(-21)*i/(-2). What is the highest common factor of d and 4?
4
Let q(v) = 2*v + 4. Let n be q(3). Suppose 0*o - n = -2*o. Let x(s) = -s + 6. Let z be x(o). Calculate the greatest common factor of 3 and z.
1
Let c = 8 - -13. Calculate the highest common divisor of c and 3.
3
Let l(i) = 8*i - 14. Let x be l(7). Calculate the highest common factor of x and 14.
14
Let w = 33 - -1. Let p = 70 - w. What is the highest common factor of p and 24?
12
Let w(i) = -i**3 - 7*i**2 - 4*i + 7. Let a be w(-7). Let c = a + -20. Suppose 11 + 9 = 4*u. Calculate the highest common factor of u and c.
5
Suppose 2*r - 3 = -11. Let a be (0 - 3)*r/6. Calculate the greatest common divisor of 4 and a.
2
Let n be (-4 + 1)*1*1. Let c be n + (-4 + 3 - -28). Calculate the highest common divisor of c and 16.
8
Let r be (-4)/(-2)*(-25)/(-10). Suppose r*y - 10 = -a, -2*a - 2*a + 20 = 0. What is the greatest common divisor of 5 and y?
1
Let k be 4/6 - 996/(-18). What is the greatest common factor of 8 and k?
8
Let j be (-8)/2 + (1 - 0). Let g be -21*(-1)/((-3)/j). Calculate the highest common divisor of 42 and g.
21
Let j(x) = -9*x - 3*x**2 - 2*x**2 + 4*x**2 - 6. Suppose 5*l + 10 = -5*r - 50, -2*l + 25 = -5*r. Let k be j(r). Calculate the highest common divisor of k and 40.
8
Let t be 2 - (0 - (5 + -2)). What is the highest common factor of 15 and t?
5
Let k(q) = 38*q**2 + 2*q - 3. Let f be k(2). What is the highest common divisor of 17 and f?
17
Let a be (14/3)/(2/3). Let j(y) = y - 9. Let c be j(a). Let b be (56 - c) + 0 + -2. What is the greatest common divisor of b and 8?
8
Let u(x) = 20*x + 4 - 8 + 5. Let c be u(1). Calculate the highest common divisor of c and 231.
21
Let q(v) = -2*v**2 + 16*v**3 + 10*v**3 + v**2. Let w be q(-1). Let m = -19 - w. What is the greatest common divisor of 64 and m?
8
Suppose -200 = -2*h - 3*h. Suppose 3*n = -n + h. Let t = -4 + n. What is the highest common divisor of 2 and t?
2
Suppose -3*n - 2*n = 5*a - 95, 0 = n - 1. Suppose -o = 3*o - 4*i - 24, 2*o - 12 = i. What is the greatest common factor of a and o?
6
Let l(w) = -w**3 - 16*w**2 - 2*w - 19. Let t be l(-16). What is the greatest common divisor of 143 and t?
13
Let i = 52 - 12. Suppose 0*l + 2*l = i. Calculate the greatest common factor of 4 and l.
4
Let x(b) = b**3 + 8*b**2 + b - 6. Let r be x(-6). What is the highest common divisor of r and 24?
12
Let p(g) = 4*g**2 + 4*g + 24. Let l be p(-7). Calculate the greatest common factor of 24 and l.
24
Suppose -3*c + 20 + 4 = 0. Let w = 16 - -20. Suppose -2*k + w = 2*h - 50, 0 = k + 5*h - 55. Calculate the greatest common factor of c and k.
8
Suppose 33 = u - 3*y - 0*y, 4*u = 3*y + 96. Let a be (-7)/(-3) - (-2)/(-6). Suppose -a*g = g - u. What is the greatest common divisor of g and 56?
7
Suppose 2*l - 12 = -3*l - 3*w, 0 = 5*l - 2*w + 8. Suppose 3*r + 12 = -3*z, -5*z - 3*r - r - 15 = l. What is the highest common divisor of z and 3?
1
Suppose 3*q = 5*x + 15, 0 = -3*x - 2*q + 5 + 5. Let n = 4 - x. Suppose 0*p + 28 = n*p. What is the highest common divisor of 21 and p?
7
Let o(y) = -2*y - 4. Let b be o(0). Let z be (3 + b/8)*26. Let x(j) = j + 13. Let h be x(0). Calculate the greatest common divisor of z and h.
13
Let i(u) = 16 + 5*u - u - 12 + 7*u**2. Let b be i(-2). What is the highest common divisor of 48 and b?
24
Let m = 36 - 19. Calculate the greatest common divisor of m and 136.
17
Let z = 8 - 5. Suppose z*g - 277 = 434. Let v be 1/(-3) + g/9. What is the greatest common factor of 39 and v?
13
Let s = 8 - 5. Calculate the highest common divisor of s and 33.
3
Suppose r - 3*r = -112. What is the highest common factor of r and 8?
8
Suppose -378 + 78 = -5*i. Suppose -g = n + n + 30, 2*g = 4*n - i. Let d = 44 + g. Calculate the highest common divisor of d and 70.
14
Suppose -5*t + 5 + 0 = 0. Suppose l = -2*l + 15. What is the highest common factor of t and l?
1
Let m = 39 - 7. Suppose -5*f + 85 = 5*c, f + c = -f + m. Let x(d) = 13*d**2 - 5*d + 3. Let s be x(3). What is the highest common divisor of s and f?
15
Let r = 49 - -15. Calculate the greatest common divisor of r and 8.
8
Suppose -2*z - 316 = 2*z. Let p = z - -151. Suppose o - 4 = 4. Calculate the greatest common divisor of p and o.
8
Let m(d) = -7*d. Let i be m(-1). Suppose 3*p - 2 = -2*t - p, 2*t - 23 = 3*p. What is the highest common divisor of t and i?
7
Let u(w) = -4*w + 8. Let p be u(5). Let f(k) = -k**3 - 13*k**2 - 16*k. Let i be f(p). Calculate the highest common divisor of 32 and i.
16
Let u(t) be the third derivative of t**4/8 - t**3/2 + t**2. Let f be u(2). Suppose f*q = -0*q + 21. What is the greatest common divisor of 56 and q?
7
Let m = -18 - -33. Let d be 1421/21 - 2/(-6). Let q = -38 + d. Calculate the greatest common factor of m and q.
15
Let s(d) = -d**2 + 4*d + 1. Let j be s(3). Suppose -3*x - m + 16 = -20, m = j*x - 48. What is the highest common divisor of x and 36?
12
Suppose -3*h - 2*h = -55. Calculate the greatest common divisor of 22 and h.
11
Suppose -3*f = -23 - 4. Let q = 202 - 103. Calculate the highest common divisor of f and q.
9
Let h(d) = 130*d**2 + 4*d - 2. Let r be h(1). Calculate the greatest common divisor of 12 and r.
12
Let g(m) = m**2 + 4*m + 1. Let d be g(-3). Let p be (-1108)/(-8) + 1/d. What is the greatest common factor of 23 and p?
23
Suppose -4*s = -28 - 0. Let p(l) = l - 3. Let v be p(s). Calculate the highest common factor of 8 and v.
4
Let o(h) be the third derivative of 0 - h**2 + 1/8*h**4 + 1/6*h**3 + 0*h. Let a be o(3). What is the highest common factor of a and 30?
10
Let o = 8 + -10. Let u be 4/(-1) - (-4 + o). Calculate the greatest common divisor of 4 and u.
2
Suppose -5*s = 2*r - 14, -r + 10 = -2*s + 6*s. Suppose 3*y = -r*b - y + 26, 31 = 4*b + y. Suppose b*j - 3*j = 8. What is the greatest common factor of 6 and j?
2
Suppose -6 = -2*r + 12. What is the greatest common factor of 72 and r?
9
Let l be (-12 + -3)*6/(-9). Let u(r) = 2*r - 2. Let i be u(6). Calculate the greatest common divisor of i and l.
10
Suppose 5*w - 7*w = -8. Suppose p + w = 2*p. What is the greatest common divisor of 6 and p?
2
Suppose j - 6 - 18 = 0. Calculate the greatest common factor of 24 and j.
24
Let k(r) = r**2 + 11*r - 6. Let q be k(-12). What is the greatest common factor of 12 and q?
6
Suppose 2*l + 90 = 7*l. Let k = l - 11. Let q(d) = -2*d**3 - 12*d**2 - 6*d + 13. Let h be q(-6). Calculate the highest common divisor of h and k.
7
Suppose -4*h - 534 = -6. Let v be 3/((-2)/(h/9)). Let d be (